{"id":98,"date":"2021-04-12T08:53:01","date_gmt":"2021-04-12T05:53:01","guid":{"rendered":"http:\/\/www.waldemarstoffel.com\/de\/?page_id=98"},"modified":"2021-04-12T08:53:02","modified_gmt":"2021-04-12T05:53:02","slug":"atlantikwall","status":"publish","type":"page","link":"http:\/\/www.waldemarstoffel.com\/de\/galerie\/atlantikwall\/","title":{"rendered":"Atlantikwall"},"content":{"rendered":"\n<p>Als Deutscher wird man egal was man tut oder wie man sich gibt, fr\u00fcher oder sp\u00e4ter mit der deutschen Vergangenheit konfrontiert. Ein Teil dieser Vergangenheit ist gepr\u00e4gt von einem gewissen Gr\u00f6\u00dfenwahn.<\/p>\n\n\n\n<p>Ob man den Atlantikwall nun als gro\u00dfes Verteidigungsbauwerk oder als Gr\u00f6\u00dfenwahn auffasst, sei jedem selbst \u00fcberlassen; an der Atlantikk\u00fcste Europas ist er allgegenw\u00e4rtig.<\/p>\n\n\n\n<p>Die Bunker in der Bretagne beispielsweise haben sich jeder Sprengung widersetzt. Sie sind teilweise nur entzwei gebrochen. Oder haben sich ein paar Meter in die L\u00fcfte erhoben, um wieder im Sand zu landen.<\/p>\n\n\n\n<div class=\"wp-block-coblocks-gallery-masonry alignwide\"><div class=\"coblocks-gallery has-caption-style-dark has-gutter has-lightbox\"><ul class=\"has-grid-med has-gutter-15 has-gutter-mobile-15\"><li class=\"coblocks-gallery--item\"><figure class=\"coblocks-gallery--figure\"><img loading=\"lazy\" decoding=\"async\" width=\"738\" height=\"900\" src=\"http:\/\/www.waldemarstoffel.com\/cms\/uploads\/atlantikwall_01.jpg\" alt=\"\" data-id=\"245\" data-imglink=\"\" data-link=\"http:\/\/www.waldemarstoffel.com\/the-atlantic-wall-in-brittany\/\" class=\"wp-image-245\" srcset=\"http:\/\/www.waldemarstoffel.com\/cms\/uploads\/atlantikwall_01.jpg 738w, http:\/\/www.waldemarstoffel.com\/cms\/uploads\/atlantikwall_01-246x300.jpg 246w\" sizes=\"auto, (max-width: 738px) 100vw, 738px\" \/><figcaption class=\"coblocks-gallery--caption\">Plouharnel, Bretange.<\/figcaption><\/figure><\/li><li class=\"coblocks-gallery--item\"><figure class=\"coblocks-gallery--figure\"><img loading=\"lazy\" decoding=\"async\" width=\"1000\" height=\"820\" src=\"http:\/\/www.waldemarstoffel.com\/cms\/uploads\/atlantikwall_02.jpg\" alt=\"\" data-id=\"246\" data-imglink=\"\" data-link=\"http:\/\/www.waldemarstoffel.com\/the-atlantic-wall-in-brittany-2\/\" class=\"wp-image-246\" srcset=\"http:\/\/www.waldemarstoffel.com\/cms\/uploads\/atlantikwall_02.jpg 1000w, http:\/\/www.waldemarstoffel.com\/cms\/uploads\/atlantikwall_02-300x246.jpg 300w, http:\/\/www.waldemarstoffel.com\/cms\/uploads\/atlantikwall_02-768x630.jpg 768w\" sizes=\"auto, (max-width: 1000px) 100vw, 1000px\" \/><figcaption class=\"coblocks-gallery--caption\">Plouharnel, Bretange.<\/figcaption><\/figure><\/li><li class=\"coblocks-gallery--item\"><figure class=\"coblocks-gallery--figure\"><img loading=\"lazy\" decoding=\"async\" width=\"1000\" height=\"820\" src=\"http:\/\/www.waldemarstoffel.com\/cms\/uploads\/atlantikwall_03.jpg\" alt=\"\" data-id=\"247\" data-imglink=\"\" data-link=\"http:\/\/www.waldemarstoffel.com\/the-atlantic-wall-in-brittany-3\/\" class=\"wp-image-247\" srcset=\"http:\/\/www.waldemarstoffel.com\/cms\/uploads\/atlantikwall_03.jpg 1000w, http:\/\/www.waldemarstoffel.com\/cms\/uploads\/atlantikwall_03-300x246.jpg 300w, http:\/\/www.waldemarstoffel.com\/cms\/uploads\/atlantikwall_03-768x630.jpg 768w\" sizes=\"auto, (max-width: 1000px) 100vw, 1000px\" \/><figcaption class=\"coblocks-gallery--caption\">Plouharnel, Bretange.<\/figcaption><\/figure><\/li><li class=\"coblocks-gallery--item\"><figure class=\"coblocks-gallery--figure\"><img loading=\"lazy\" decoding=\"async\" width=\"1000\" height=\"820\" src=\"http:\/\/www.waldemarstoffel.com\/cms\/uploads\/atlantikwall_04.jpg\" alt=\"\" data-id=\"248\" data-imglink=\"\" data-link=\"http:\/\/www.waldemarstoffel.com\/the-atlantic-wall-in-brittany-4\/\" class=\"wp-image-248\" srcset=\"http:\/\/www.waldemarstoffel.com\/cms\/uploads\/atlantikwall_04.jpg 1000w, http:\/\/www.waldemarstoffel.com\/cms\/uploads\/atlantikwall_04-300x246.jpg 300w, http:\/\/www.waldemarstoffel.com\/cms\/uploads\/atlantikwall_04-768x630.jpg 768w\" sizes=\"auto, (max-width: 1000px) 100vw, 1000px\" \/><figcaption class=\"coblocks-gallery--caption\">Plouharnel, Bretange.<\/figcaption><\/figure><\/li><li class=\"coblocks-gallery--item\"><figure class=\"coblocks-gallery--figure\"><img loading=\"lazy\" decoding=\"async\" width=\"1000\" height=\"820\" src=\"http:\/\/www.waldemarstoffel.com\/cms\/uploads\/atlantikwall_05.jpg\" alt=\"\" data-id=\"249\" data-imglink=\"\" data-link=\"http:\/\/www.waldemarstoffel.com\/the-atlantic-wall-in-brittany-5\/\" class=\"wp-image-249\" srcset=\"http:\/\/www.waldemarstoffel.com\/cms\/uploads\/atlantikwall_05.jpg 1000w, http:\/\/www.waldemarstoffel.com\/cms\/uploads\/atlantikwall_05-300x246.jpg 300w, http:\/\/www.waldemarstoffel.com\/cms\/uploads\/atlantikwall_05-768x630.jpg 768w\" sizes=\"auto, (max-width: 1000px) 100vw, 1000px\" \/><figcaption class=\"coblocks-gallery--caption\">Etel, Bretange<\/figcaption><\/figure><\/li><li class=\"coblocks-gallery--item\"><figure class=\"coblocks-gallery--figure\"><img loading=\"lazy\" decoding=\"async\" width=\"1000\" height=\"820\" src=\"http:\/\/www.waldemarstoffel.com\/cms\/uploads\/atlantikwall_06.jpg\" alt=\"\" data-id=\"250\" data-imglink=\"\" data-link=\"http:\/\/www.waldemarstoffel.com\/the-atlantic-wall-in-brittany-6\/\" class=\"wp-image-250\" srcset=\"http:\/\/www.waldemarstoffel.com\/cms\/uploads\/atlantikwall_06.jpg 1000w, http:\/\/www.waldemarstoffel.com\/cms\/uploads\/atlantikwall_06-300x246.jpg 300w, http:\/\/www.waldemarstoffel.com\/cms\/uploads\/atlantikwall_06-768x630.jpg 768w\" sizes=\"auto, (max-width: 1000px) 100vw, 1000px\" \/><figcaption class=\"coblocks-gallery--caption\">Plouharnel, Bretange.<\/figcaption><\/figure><\/li><li class=\"coblocks-gallery--item\"><figure class=\"coblocks-gallery--figure\"><img loading=\"lazy\" decoding=\"async\" width=\"1000\" height=\"820\" src=\"http:\/\/www.waldemarstoffel.com\/cms\/uploads\/atlantikwall_07.jpg\" alt=\"\" data-id=\"251\" data-imglink=\"\" data-link=\"http:\/\/www.waldemarstoffel.com\/the-atlantic-wall-in-brittany-7\/\" class=\"wp-image-251\" srcset=\"http:\/\/www.waldemarstoffel.com\/cms\/uploads\/atlantikwall_07.jpg 1000w, http:\/\/www.waldemarstoffel.com\/cms\/uploads\/atlantikwall_07-300x246.jpg 300w, http:\/\/www.waldemarstoffel.com\/cms\/uploads\/atlantikwall_07-768x630.jpg 768w\" sizes=\"auto, (max-width: 1000px) 100vw, 1000px\" \/><figcaption class=\"coblocks-gallery--caption\">Plouharnel, Bretange.<\/figcaption><\/figure><\/li><\/ul><\/div><\/div>\n","protected":false},"excerpt":{"rendered":"<p>Als Deutscher wird man egal was man tut oder wie man sich gibt, fr\u00fcher oder sp\u00e4ter mit der deutschen Vergangenheit konfrontiert. Ein Teil dieser Vergangenheit ist gepr\u00e4gt von einem gewissen Gr\u00f6\u00dfenwahn. Ob man den Atlantikwall nun als gro\u00dfes Verteidigungsbauwerk oder als Gr\u00f6\u00dfenwahn auffasst, sei jedem selbst \u00fcberlassen; an der Atlantikk\u00fcste Europas ist er allgegenw\u00e4rtig. Die [&hellip;]<\/p>\n","protected":false},"author":8966,"featured_media":0,"parent":26,"menu_order":16,"comment_status":"closed","ping_status":"closed","template":"","meta":{"_coblocks_attr":"","_coblocks_dimensions":"","_coblocks_responsive_height":"","_coblocks_accordion_ie_support":"","footnotes":""},"class_list":["post-98","page","type-page","status-publish","hentry"],"_links":{"self":[{"href":"http:\/\/www.waldemarstoffel.com\/de\/wp-json\/wp\/v2\/pages\/98","targetHints":{"allow":["GET"]}}],"collection":[{"href":"http:\/\/www.waldemarstoffel.com\/de\/wp-json\/wp\/v2\/pages"}],"about":[{"href":"http:\/\/www.waldemarstoffel.com\/de\/wp-json\/wp\/v2\/types\/page"}],"author":[{"embeddable":true,"href":"http:\/\/www.waldemarstoffel.com\/de\/wp-json\/wp\/v2\/users\/8966"}],"replies":[{"embeddable":true,"href":"http:\/\/www.waldemarstoffel.com\/de\/wp-json\/wp\/v2\/comments?post=98"}],"version-history":[{"count":2,"href":"http:\/\/www.waldemarstoffel.com\/de\/wp-json\/wp\/v2\/pages\/98\/revisions"}],"predecessor-version":[{"id":100,"href":"http:\/\/www.waldemarstoffel.com\/de\/wp-json\/wp\/v2\/pages\/98\/revisions\/100"}],"up":[{"embeddable":true,"href":"http:\/\/www.waldemarstoffel.com\/de\/wp-json\/wp\/v2\/pages\/26"}],"wp:attachment":[{"href":"http:\/\/www.waldemarstoffel.com\/de\/wp-json\/wp\/v2\/media?parent=98"}],"curies":[{"name":"wp","href":"https:\/\/api.w.org\/{rel}","templated":true}]}}

<p>Als Deutscher wird man egal was man tut oder wie man sich gibt, früher oder später mit der deutschen Vergangenheit konfrontiert. Ein Teil dieser Vergangenheit ist geprägt von einem gewissen Größenwahn.</p>



<p>Ob man den Atlantikwall nun als großes Verteidigungsbauwerk oder als Größenwahn auffasst, sei jedem selbst überlassen; an der Atlantikküste Europas ist er allgegenwärtig.</p>



<p>Die Bunker in der Bretagne beispielsweise haben sich jeder Sprengung widersetzt. Sie sind teilweise nur entzwei gebrochen. Oder haben sich ein paar Meter in die Lüfte erhoben, um wieder im Sand zu landen.</p>



<div class="wp-block-coblocks-gallery-masonry alignwide"><div class="coblocks-gallery has-caption-style-dark has-gutter has-lightbox"><ul class="has-grid-med has-gutter-15 has-gutter-mobile-15"><li class="coblocks-gallery--item"><figure class="coblocks-gallery--figure"><img loading="lazy" decoding="async" width="738" height="900" src="http://www.waldemarstoffel.com/cms/uploads/atlantikwall_01.jpg" alt="" data-id="245" data-imglink="" data-link="http://www.waldemarstoffel.com/the-atlantic-wall-in-brittany/" class="wp-image-245" srcset="http://www.waldemarstoffel.com/cms/uploads/atlantikwall_01.jpg 738w, http://www.waldemarstoffel.com/cms/uploads/atlantikwall_01-246x300.jpg 246w" sizes="auto, (max-width: 738px) 100vw, 738px" /><figcaption class="coblocks-gallery--caption">Plouharnel, Bretange.</figcaption></figure></li><li class="coblocks-gallery--item"><figure class="coblocks-gallery--figure"><img loading="lazy" decoding="async" width="1000" height="820" src="http://www.waldemarstoffel.com/cms/uploads/atlantikwall_02.jpg" alt="" data-id="246" data-imglink="" data-link="http://www.waldemarstoffel.com/the-atlantic-wall-in-brittany-2/" class="wp-image-246" srcset="http://www.waldemarstoffel.com/cms/uploads/atlantikwall_02.jpg 1000w, http://www.waldemarstoffel.com/cms/uploads/atlantikwall_02-300x246.jpg 300w, http://www.waldemarstoffel.com/cms/uploads/atlantikwall_02-768x630.jpg 768w" sizes="auto, (max-width: 1000px) 100vw, 1000px" /><figcaption class="coblocks-gallery--caption">Plouharnel, Bretange.</figcaption></figure></li><li class="coblocks-gallery--item"><figure class="coblocks-gallery--figure"><img loading="lazy" decoding="async" width="1000" height="820" src="http://www.waldemarstoffel.com/cms/uploads/atlantikwall_03.jpg" alt="" data-id="247" data-imglink="" data-link="http://www.waldemarstoffel.com/the-atlantic-wall-in-brittany-3/" class="wp-image-247" srcset="http://www.waldemarstoffel.com/cms/uploads/atlantikwall_03.jpg 1000w, http://www.waldemarstoffel.com/cms/uploads/atlantikwall_03-300x246.jpg 300w, http://www.waldemarstoffel.com/cms/uploads/atlantikwall_03-768x630.jpg 768w" sizes="auto, (max-width: 1000px) 100vw, 1000px" /><figcaption class="coblocks-gallery--caption">Plouharnel, Bretange.</figcaption></figure></li><li class="coblocks-gallery--item"><figure class="coblocks-gallery--figure"><img loading="lazy" decoding="async" width="1000" height="820" src="http://www.waldemarstoffel.com/cms/uploads/atlantikwall_04.jpg" alt="" data-id="248" data-imglink="" data-link="http://www.waldemarstoffel.com/the-atlantic-wall-in-brittany-4/" class="wp-image-248" srcset="http://www.waldemarstoffel.com/cms/uploads/atlantikwall_04.jpg 1000w, http://www.waldemarstoffel.com/cms/uploads/atlantikwall_04-300x246.jpg 300w, http://www.waldemarstoffel.com/cms/uploads/atlantikwall_04-768x630.jpg 768w" sizes="auto, (max-width: 1000px) 100vw, 1000px" /><figcaption class="coblocks-gallery--caption">Plouharnel, Bretange.</figcaption></figure></li><li class="coblocks-gallery--item"><figure class="coblocks-gallery--figure"><img loading="lazy" decoding="async" width="1000" height="820" src="http://www.waldemarstoffel.com/cms/uploads/atlantikwall_05.jpg" alt="" data-id="249" data-imglink="" data-link="http://www.waldemarstoffel.com/the-atlantic-wall-in-brittany-5/" class="wp-image-249" srcset="http://www.waldemarstoffel.com/cms/uploads/atlantikwall_05.jpg 1000w, http://www.waldemarstoffel.com/cms/uploads/atlantikwall_05-300x246.jpg 300w, http://www.waldemarstoffel.com/cms/uploads/atlantikwall_05-768x630.jpg 768w" sizes="auto, (max-width: 1000px) 100vw, 1000px" /><figcaption class="coblocks-gallery--caption">Etel, Bretange</figcaption></figure></li><li class="coblocks-gallery--item"><figure class="coblocks-gallery--figure"><img loading="lazy" decoding="async" width="1000" height="820" src="http://www.waldemarstoffel.com/cms/uploads/atlantikwall_06.jpg" alt="" data-id="250" data-imglink="" data-link="http://www.waldemarstoffel.com/the-atlantic-wall-in-brittany-6/" class="wp-image-250" srcset="http://www.waldemarstoffel.com/cms/uploads/atlantikwall_06.jpg 1000w, http://www.waldemarstoffel.com/cms/uploads/atlantikwall_06-300x246.jpg 300w, http://www.waldemarstoffel.com/cms/uploads/atlantikwall_06-768x630.jpg 768w" sizes="auto, (max-width: 1000px) 100vw, 1000px" /><figcaption class="coblocks-gallery--caption">Plouharnel, Bretange.</figcaption></figure></li><li class="coblocks-gallery--item"><figure class="coblocks-gallery--figure"><img loading="lazy" decoding="async" width="1000" height="820" src="http://www.waldemarstoffel.com/cms/uploads/atlantikwall_07.jpg" alt="" data-id="251" data-imglink="" data-link="http://www.waldemarstoffel.com/the-atlantic-wall-in-brittany-7/" class="wp-image-251" srcset="http://www.waldemarstoffel.com/cms/uploads/atlantikwall_07.jpg 1000w, http://www.waldemarstoffel.com/cms/uploads/atlantikwall_07-300x246.jpg 300w, http://www.waldemarstoffel.com/cms/uploads/atlantikwall_07-768x630.jpg 768w" sizes="auto, (max-width: 1000px) 100vw, 1000px" /><figcaption class="coblocks-gallery--caption">Plouharnel, Bretange.</figcaption></figure></li></ul></div></div>

<p>Als Deutscher wird man egal was man tut oder wie man sich gibt, früher oder später mit der deutschen Vergangenheit konfrontiert. Ein Teil dieser Vergangenheit ist geprägt von einem gewissen Größenwahn. Ob man den Atlantikwall nun als großes Verteidigungsbauwerk oder als Größenwahn auffasst, sei jedem selbst überlassen; an der Atlantikküste Europas ist er allgegenwärtig. Die [&hellip;]</p>
