{"id":96,"date":"2021-04-12T07:08:15","date_gmt":"2021-04-12T06:08:15","guid":{"rendered":"http:\/\/www.waldemarstoffel.com\/fr\/?page_id=96"},"modified":"2021-04-12T07:08:16","modified_gmt":"2021-04-12T06:08:16","slug":"mur-de-latlantique","status":"publish","type":"page","link":"http:\/\/www.waldemarstoffel.com\/fr\/galerie\/mur-de-latlantique\/","title":{"rendered":"Mur de l&rsquo;Atlantique"},"content":{"rendered":"\n<p>Comme un Allemand, n&rsquo;importe qu&rsquo;on fait ou comment on se comporte, on s\u00e9ra t\u00f4t ou tard confront\u00e9 avec le pass\u00e9 allemand. Une partie de ce pass\u00e9 est d\u00e9termin\u00e9 par une certaine m\u00e9galomanie.<\/p>\n\n\n\n<p>Si on per\u00e7oit le mur de l&rsquo;Atlantique comme excellent travail d\u00e9fensif ou comme m\u00e9galomanie, chacun doit d\u00e9cider \u00e0 lui-m\u00eame; sur la c\u00f4te atlantique de l&rsquo;Europe, il est omnipr\u00e9sent.<\/p>\n\n\n\n<p>Les casemates en Bretagne par exemple, se sont oppos\u00e9es \u00e0 toute d\u00e9molition. Partiellement elles sont justement cass\u00e9es en deux. Ou elles se sont soulev\u00e9es quelques metres en l&rsquo;air pour retourner au sable.<\/p>\n\n\n\n<div class=\"wp-block-coblocks-gallery-masonry alignwide\"><div class=\"coblocks-gallery has-caption-style-dark has-gutter has-lightbox\"><ul class=\"has-grid-med has-gutter-15 has-gutter-mobile-15\"><li class=\"coblocks-gallery--item\"><figure class=\"coblocks-gallery--figure\"><img loading=\"lazy\" decoding=\"async\" width=\"738\" height=\"900\" src=\"http:\/\/www.waldemarstoffel.com\/cms\/uploads\/atlantikwall_01.jpg\" alt=\"\" data-id=\"245\" data-imglink=\"\" data-link=\"http:\/\/www.waldemarstoffel.com\/the-atlantic-wall-in-brittany\/\" class=\"wp-image-245\" srcset=\"http:\/\/www.waldemarstoffel.com\/cms\/uploads\/atlantikwall_01.jpg 738w, http:\/\/www.waldemarstoffel.com\/cms\/uploads\/atlantikwall_01-246x300.jpg 246w\" sizes=\"auto, (max-width: 738px) 100vw, 738px\" \/><figcaption class=\"coblocks-gallery--caption\">Plouharnel, Bretange.<\/figcaption><\/figure><\/li><li class=\"coblocks-gallery--item\"><figure class=\"coblocks-gallery--figure\"><img loading=\"lazy\" decoding=\"async\" width=\"1000\" height=\"820\" src=\"http:\/\/www.waldemarstoffel.com\/cms\/uploads\/atlantikwall_02.jpg\" alt=\"\" data-id=\"246\" data-imglink=\"\" data-link=\"http:\/\/www.waldemarstoffel.com\/the-atlantic-wall-in-brittany-2\/\" class=\"wp-image-246\" srcset=\"http:\/\/www.waldemarstoffel.com\/cms\/uploads\/atlantikwall_02.jpg 1000w, http:\/\/www.waldemarstoffel.com\/cms\/uploads\/atlantikwall_02-300x246.jpg 300w, http:\/\/www.waldemarstoffel.com\/cms\/uploads\/atlantikwall_02-768x630.jpg 768w\" sizes=\"auto, (max-width: 1000px) 100vw, 1000px\" \/><figcaption class=\"coblocks-gallery--caption\">Plouharnel, Bretange.<\/figcaption><\/figure><\/li><li class=\"coblocks-gallery--item\"><figure class=\"coblocks-gallery--figure\"><img loading=\"lazy\" decoding=\"async\" width=\"1000\" height=\"820\" src=\"http:\/\/www.waldemarstoffel.com\/cms\/uploads\/atlantikwall_03.jpg\" alt=\"\" data-id=\"247\" data-imglink=\"\" data-link=\"http:\/\/www.waldemarstoffel.com\/the-atlantic-wall-in-brittany-3\/\" class=\"wp-image-247\" srcset=\"http:\/\/www.waldemarstoffel.com\/cms\/uploads\/atlantikwall_03.jpg 1000w, http:\/\/www.waldemarstoffel.com\/cms\/uploads\/atlantikwall_03-300x246.jpg 300w, http:\/\/www.waldemarstoffel.com\/cms\/uploads\/atlantikwall_03-768x630.jpg 768w\" sizes=\"auto, (max-width: 1000px) 100vw, 1000px\" \/><figcaption class=\"coblocks-gallery--caption\">Plouharnel, Bretange.<\/figcaption><\/figure><\/li><li class=\"coblocks-gallery--item\"><figure class=\"coblocks-gallery--figure\"><img loading=\"lazy\" decoding=\"async\" width=\"1000\" height=\"820\" src=\"http:\/\/www.waldemarstoffel.com\/cms\/uploads\/atlantikwall_04.jpg\" alt=\"\" data-id=\"248\" data-imglink=\"\" data-link=\"http:\/\/www.waldemarstoffel.com\/the-atlantic-wall-in-brittany-4\/\" class=\"wp-image-248\" srcset=\"http:\/\/www.waldemarstoffel.com\/cms\/uploads\/atlantikwall_04.jpg 1000w, http:\/\/www.waldemarstoffel.com\/cms\/uploads\/atlantikwall_04-300x246.jpg 300w, http:\/\/www.waldemarstoffel.com\/cms\/uploads\/atlantikwall_04-768x630.jpg 768w\" sizes=\"auto, (max-width: 1000px) 100vw, 1000px\" \/><figcaption class=\"coblocks-gallery--caption\">Plouharnel, Bretange.<\/figcaption><\/figure><\/li><li class=\"coblocks-gallery--item\"><figure class=\"coblocks-gallery--figure\"><img loading=\"lazy\" decoding=\"async\" width=\"1000\" height=\"820\" src=\"http:\/\/www.waldemarstoffel.com\/cms\/uploads\/atlantikwall_05.jpg\" alt=\"\" data-id=\"249\" data-imglink=\"\" data-link=\"http:\/\/www.waldemarstoffel.com\/the-atlantic-wall-in-brittany-5\/\" class=\"wp-image-249\" srcset=\"http:\/\/www.waldemarstoffel.com\/cms\/uploads\/atlantikwall_05.jpg 1000w, http:\/\/www.waldemarstoffel.com\/cms\/uploads\/atlantikwall_05-300x246.jpg 300w, http:\/\/www.waldemarstoffel.com\/cms\/uploads\/atlantikwall_05-768x630.jpg 768w\" sizes=\"auto, (max-width: 1000px) 100vw, 1000px\" \/><figcaption class=\"coblocks-gallery--caption\">Etel, Bretange<\/figcaption><\/figure><\/li><li class=\"coblocks-gallery--item\"><figure class=\"coblocks-gallery--figure\"><img loading=\"lazy\" decoding=\"async\" width=\"1000\" height=\"820\" src=\"http:\/\/www.waldemarstoffel.com\/cms\/uploads\/atlantikwall_06.jpg\" alt=\"\" data-id=\"250\" data-imglink=\"\" data-link=\"http:\/\/www.waldemarstoffel.com\/the-atlantic-wall-in-brittany-6\/\" class=\"wp-image-250\" srcset=\"http:\/\/www.waldemarstoffel.com\/cms\/uploads\/atlantikwall_06.jpg 1000w, http:\/\/www.waldemarstoffel.com\/cms\/uploads\/atlantikwall_06-300x246.jpg 300w, http:\/\/www.waldemarstoffel.com\/cms\/uploads\/atlantikwall_06-768x630.jpg 768w\" sizes=\"auto, (max-width: 1000px) 100vw, 1000px\" \/><figcaption class=\"coblocks-gallery--caption\">Plouharnel, Bretange.<\/figcaption><\/figure><\/li><li class=\"coblocks-gallery--item\"><figure class=\"coblocks-gallery--figure\"><img loading=\"lazy\" decoding=\"async\" width=\"1000\" height=\"820\" src=\"http:\/\/www.waldemarstoffel.com\/cms\/uploads\/atlantikwall_07.jpg\" alt=\"\" data-id=\"251\" data-imglink=\"\" data-link=\"http:\/\/www.waldemarstoffel.com\/the-atlantic-wall-in-brittany-7\/\" class=\"wp-image-251\" srcset=\"http:\/\/www.waldemarstoffel.com\/cms\/uploads\/atlantikwall_07.jpg 1000w, http:\/\/www.waldemarstoffel.com\/cms\/uploads\/atlantikwall_07-300x246.jpg 300w, http:\/\/www.waldemarstoffel.com\/cms\/uploads\/atlantikwall_07-768x630.jpg 768w\" sizes=\"auto, (max-width: 1000px) 100vw, 1000px\" \/><figcaption class=\"coblocks-gallery--caption\">Plouharnel, Bretange.<\/figcaption><\/figure><\/li><\/ul><\/div><\/div>\n","protected":false},"excerpt":{"rendered":"<p>Comme un Allemand, n&rsquo;importe qu&rsquo;on fait ou comment on se comporte, on s\u00e9ra t\u00f4t ou tard confront\u00e9 avec le pass\u00e9 allemand. Une partie de ce pass\u00e9 est d\u00e9termin\u00e9 par une certaine m\u00e9galomanie. Si on per\u00e7oit le mur de l&rsquo;Atlantique comme excellent travail d\u00e9fensif ou comme m\u00e9galomanie, chacun doit d\u00e9cider \u00e0 lui-m\u00eame; sur la c\u00f4te atlantique [&hellip;]<\/p>\n","protected":false},"author":8966,"featured_media":0,"parent":25,"menu_order":16,"comment_status":"closed","ping_status":"closed","template":"","meta":{"_coblocks_attr":"","_coblocks_dimensions":"","_coblocks_responsive_height":"","_coblocks_accordion_ie_support":"","footnotes":""},"class_list":["post-96","page","type-page","status-publish","hentry"],"_links":{"self":[{"href":"http:\/\/www.waldemarstoffel.com\/fr\/wp-json\/wp\/v2\/pages\/96","targetHints":{"allow":["GET"]}}],"collection":[{"href":"http:\/\/www.waldemarstoffel.com\/fr\/wp-json\/wp\/v2\/pages"}],"about":[{"href":"http:\/\/www.waldemarstoffel.com\/fr\/wp-json\/wp\/v2\/types\/page"}],"author":[{"embeddable":true,"href":"http:\/\/www.waldemarstoffel.com\/fr\/wp-json\/wp\/v2\/users\/8966"}],"replies":[{"embeddable":true,"href":"http:\/\/www.waldemarstoffel.com\/fr\/wp-json\/wp\/v2\/comments?post=96"}],"version-history":[{"count":2,"href":"http:\/\/www.waldemarstoffel.com\/fr\/wp-json\/wp\/v2\/pages\/96\/revisions"}],"predecessor-version":[{"id":98,"href":"http:\/\/www.waldemarstoffel.com\/fr\/wp-json\/wp\/v2\/pages\/96\/revisions\/98"}],"up":[{"embeddable":true,"href":"http:\/\/www.waldemarstoffel.com\/fr\/wp-json\/wp\/v2\/pages\/25"}],"wp:attachment":[{"href":"http:\/\/www.waldemarstoffel.com\/fr\/wp-json\/wp\/v2\/media?parent=96"}],"curies":[{"name":"wp","href":"https:\/\/api.w.org\/{rel}","templated":true}]}}

<p>Comme un Allemand, n&rsquo;importe qu&rsquo;on fait ou comment on se comporte, on séra tôt ou tard confronté avec le passé allemand. Une partie de ce passé est déterminé par une certaine mégalomanie.</p>



<p>Si on perçoit le mur de l&rsquo;Atlantique comme excellent travail défensif ou comme mégalomanie, chacun doit décider à lui-même; sur la côte atlantique de l&rsquo;Europe, il est omniprésent.</p>



<p>Les casemates en Bretagne par exemple, se sont opposées à toute démolition. Partiellement elles sont justement cassées en deux. Ou elles se sont soulevées quelques metres en l&rsquo;air pour retourner au sable.</p>



<div class="wp-block-coblocks-gallery-masonry alignwide"><div class="coblocks-gallery has-caption-style-dark has-gutter has-lightbox"><ul class="has-grid-med has-gutter-15 has-gutter-mobile-15"><li class="coblocks-gallery--item"><figure class="coblocks-gallery--figure"><img loading="lazy" decoding="async" width="738" height="900" src="http://www.waldemarstoffel.com/cms/uploads/atlantikwall_01.jpg" alt="" data-id="245" data-imglink="" data-link="http://www.waldemarstoffel.com/the-atlantic-wall-in-brittany/" class="wp-image-245" srcset="http://www.waldemarstoffel.com/cms/uploads/atlantikwall_01.jpg 738w, http://www.waldemarstoffel.com/cms/uploads/atlantikwall_01-246x300.jpg 246w" sizes="auto, (max-width: 738px) 100vw, 738px" /><figcaption class="coblocks-gallery--caption">Plouharnel, Bretange.</figcaption></figure></li><li class="coblocks-gallery--item"><figure class="coblocks-gallery--figure"><img loading="lazy" decoding="async" width="1000" height="820" src="http://www.waldemarstoffel.com/cms/uploads/atlantikwall_02.jpg" alt="" data-id="246" data-imglink="" data-link="http://www.waldemarstoffel.com/the-atlantic-wall-in-brittany-2/" class="wp-image-246" srcset="http://www.waldemarstoffel.com/cms/uploads/atlantikwall_02.jpg 1000w, http://www.waldemarstoffel.com/cms/uploads/atlantikwall_02-300x246.jpg 300w, http://www.waldemarstoffel.com/cms/uploads/atlantikwall_02-768x630.jpg 768w" sizes="auto, (max-width: 1000px) 100vw, 1000px" /><figcaption class="coblocks-gallery--caption">Plouharnel, Bretange.</figcaption></figure></li><li class="coblocks-gallery--item"><figure class="coblocks-gallery--figure"><img loading="lazy" decoding="async" width="1000" height="820" src="http://www.waldemarstoffel.com/cms/uploads/atlantikwall_03.jpg" alt="" data-id="247" data-imglink="" data-link="http://www.waldemarstoffel.com/the-atlantic-wall-in-brittany-3/" class="wp-image-247" srcset="http://www.waldemarstoffel.com/cms/uploads/atlantikwall_03.jpg 1000w, http://www.waldemarstoffel.com/cms/uploads/atlantikwall_03-300x246.jpg 300w, http://www.waldemarstoffel.com/cms/uploads/atlantikwall_03-768x630.jpg 768w" sizes="auto, (max-width: 1000px) 100vw, 1000px" /><figcaption class="coblocks-gallery--caption">Plouharnel, Bretange.</figcaption></figure></li><li class="coblocks-gallery--item"><figure class="coblocks-gallery--figure"><img loading="lazy" decoding="async" width="1000" height="820" src="http://www.waldemarstoffel.com/cms/uploads/atlantikwall_04.jpg" alt="" data-id="248" data-imglink="" data-link="http://www.waldemarstoffel.com/the-atlantic-wall-in-brittany-4/" class="wp-image-248" srcset="http://www.waldemarstoffel.com/cms/uploads/atlantikwall_04.jpg 1000w, http://www.waldemarstoffel.com/cms/uploads/atlantikwall_04-300x246.jpg 300w, http://www.waldemarstoffel.com/cms/uploads/atlantikwall_04-768x630.jpg 768w" sizes="auto, (max-width: 1000px) 100vw, 1000px" /><figcaption class="coblocks-gallery--caption">Plouharnel, Bretange.</figcaption></figure></li><li class="coblocks-gallery--item"><figure class="coblocks-gallery--figure"><img loading="lazy" decoding="async" width="1000" height="820" src="http://www.waldemarstoffel.com/cms/uploads/atlantikwall_05.jpg" alt="" data-id="249" data-imglink="" data-link="http://www.waldemarstoffel.com/the-atlantic-wall-in-brittany-5/" class="wp-image-249" srcset="http://www.waldemarstoffel.com/cms/uploads/atlantikwall_05.jpg 1000w, http://www.waldemarstoffel.com/cms/uploads/atlantikwall_05-300x246.jpg 300w, http://www.waldemarstoffel.com/cms/uploads/atlantikwall_05-768x630.jpg 768w" sizes="auto, (max-width: 1000px) 100vw, 1000px" /><figcaption class="coblocks-gallery--caption">Etel, Bretange</figcaption></figure></li><li class="coblocks-gallery--item"><figure class="coblocks-gallery--figure"><img loading="lazy" decoding="async" width="1000" height="820" src="http://www.waldemarstoffel.com/cms/uploads/atlantikwall_06.jpg" alt="" data-id="250" data-imglink="" data-link="http://www.waldemarstoffel.com/the-atlantic-wall-in-brittany-6/" class="wp-image-250" srcset="http://www.waldemarstoffel.com/cms/uploads/atlantikwall_06.jpg 1000w, http://www.waldemarstoffel.com/cms/uploads/atlantikwall_06-300x246.jpg 300w, http://www.waldemarstoffel.com/cms/uploads/atlantikwall_06-768x630.jpg 768w" sizes="auto, (max-width: 1000px) 100vw, 1000px" /><figcaption class="coblocks-gallery--caption">Plouharnel, Bretange.</figcaption></figure></li><li class="coblocks-gallery--item"><figure class="coblocks-gallery--figure"><img loading="lazy" decoding="async" width="1000" height="820" src="http://www.waldemarstoffel.com/cms/uploads/atlantikwall_07.jpg" alt="" data-id="251" data-imglink="" data-link="http://www.waldemarstoffel.com/the-atlantic-wall-in-brittany-7/" class="wp-image-251" srcset="http://www.waldemarstoffel.com/cms/uploads/atlantikwall_07.jpg 1000w, http://www.waldemarstoffel.com/cms/uploads/atlantikwall_07-300x246.jpg 300w, http://www.waldemarstoffel.com/cms/uploads/atlantikwall_07-768x630.jpg 768w" sizes="auto, (max-width: 1000px) 100vw, 1000px" /><figcaption class="coblocks-gallery--caption">Plouharnel, Bretange.</figcaption></figure></li></ul></div></div>

<p>Comme un Allemand, n&rsquo;importe qu&rsquo;on fait ou comment on se comporte, on séra tôt ou tard confronté avec le passé allemand. Une partie de ce passé est déterminé par une certaine mégalomanie. Si on perçoit le mur de l&rsquo;Atlantique comme excellent travail défensif ou comme mégalomanie, chacun doit décider à lui-même; sur la côte atlantique [&hellip;]</p>
