{"id":93,"date":"2021-04-12T09:37:08","date_gmt":"2021-04-12T06:37:08","guid":{"rendered":"http:\/\/www.waldemarstoffel.com\/sv\/?page_id=93"},"modified":"2021-04-12T09:37:08","modified_gmt":"2021-04-12T06:37:08","slug":"atlantvallen","status":"publish","type":"page","link":"http:\/\/www.waldemarstoffel.com\/sv\/galleri\/atlantvallen\/","title":{"rendered":"Atlantvallen"},"content":{"rendered":"\n<p>Som tysk, oavsett vad man g\u00f6r eller hur man beter sig, kommer man f\u00f6rr eller senare att konfronteras med det tyska f\u00f6rflutna. En del av det f\u00f6rflutna pr\u00e4glas av en viss storhetsvansinne.<\/p>\n\n\n\n<p>Om man nu uppfattar Atlantvallen som en stor defensiv byggnad eller storhetsvansinne, \u00e4r upp till n\u00e5gon sj\u00e4lva. Den \u00e4r allest\u00e4des n\u00e4rvarande vid Europas Atlantkust.<\/p>\n\n\n\n<p>Bunkrarna i Bretagne har till exempel st\u00e5tt emot alla spr\u00e4ngningar. N\u00e5gra av dem br\u00f6ts bara i tv\u00e5 delar. Andra har stigit upp et par meter i luften f\u00f6r att landa i sanden igen.<\/p>\n\n\n\n<div class=\"wp-block-coblocks-gallery-masonry alignwide\"><div class=\"coblocks-gallery has-caption-style-dark has-gutter has-lightbox\"><ul class=\"has-grid-med has-gutter-15 has-gutter-mobile-15\"><li class=\"coblocks-gallery--item\"><figure class=\"coblocks-gallery--figure\"><img loading=\"lazy\" decoding=\"async\" width=\"738\" height=\"900\" src=\"http:\/\/www.waldemarstoffel.com\/cms\/uploads\/atlantikwall_01.jpg\" alt=\"\" data-id=\"245\" data-imglink=\"\" data-link=\"http:\/\/www.waldemarstoffel.com\/the-atlantic-wall-in-brittany\/\" class=\"wp-image-245\" srcset=\"http:\/\/www.waldemarstoffel.com\/cms\/uploads\/atlantikwall_01.jpg 738w, http:\/\/www.waldemarstoffel.com\/cms\/uploads\/atlantikwall_01-246x300.jpg 246w\" sizes=\"auto, (max-width: 738px) 100vw, 738px\" \/><figcaption class=\"coblocks-gallery--caption\">Plouharnel, Bretange.<\/figcaption><\/figure><\/li><li class=\"coblocks-gallery--item\"><figure class=\"coblocks-gallery--figure\"><img loading=\"lazy\" decoding=\"async\" width=\"1000\" height=\"820\" src=\"http:\/\/www.waldemarstoffel.com\/cms\/uploads\/atlantikwall_02.jpg\" alt=\"\" data-id=\"246\" data-imglink=\"\" data-link=\"http:\/\/www.waldemarstoffel.com\/the-atlantic-wall-in-brittany-2\/\" class=\"wp-image-246\" srcset=\"http:\/\/www.waldemarstoffel.com\/cms\/uploads\/atlantikwall_02.jpg 1000w, http:\/\/www.waldemarstoffel.com\/cms\/uploads\/atlantikwall_02-300x246.jpg 300w, http:\/\/www.waldemarstoffel.com\/cms\/uploads\/atlantikwall_02-768x630.jpg 768w\" sizes=\"auto, (max-width: 1000px) 100vw, 1000px\" \/><figcaption class=\"coblocks-gallery--caption\">Plouharnel, Bretange.<\/figcaption><\/figure><\/li><li class=\"coblocks-gallery--item\"><figure class=\"coblocks-gallery--figure\"><img loading=\"lazy\" decoding=\"async\" width=\"1000\" height=\"820\" src=\"http:\/\/www.waldemarstoffel.com\/cms\/uploads\/atlantikwall_03.jpg\" alt=\"\" data-id=\"247\" data-imglink=\"\" data-link=\"http:\/\/www.waldemarstoffel.com\/the-atlantic-wall-in-brittany-3\/\" class=\"wp-image-247\" srcset=\"http:\/\/www.waldemarstoffel.com\/cms\/uploads\/atlantikwall_03.jpg 1000w, http:\/\/www.waldemarstoffel.com\/cms\/uploads\/atlantikwall_03-300x246.jpg 300w, http:\/\/www.waldemarstoffel.com\/cms\/uploads\/atlantikwall_03-768x630.jpg 768w\" sizes=\"auto, (max-width: 1000px) 100vw, 1000px\" \/><figcaption class=\"coblocks-gallery--caption\">Plouharnel, Bretange.<\/figcaption><\/figure><\/li><li class=\"coblocks-gallery--item\"><figure class=\"coblocks-gallery--figure\"><img loading=\"lazy\" decoding=\"async\" width=\"1000\" height=\"820\" src=\"http:\/\/www.waldemarstoffel.com\/cms\/uploads\/atlantikwall_04.jpg\" alt=\"\" data-id=\"248\" data-imglink=\"\" data-link=\"http:\/\/www.waldemarstoffel.com\/the-atlantic-wall-in-brittany-4\/\" class=\"wp-image-248\" srcset=\"http:\/\/www.waldemarstoffel.com\/cms\/uploads\/atlantikwall_04.jpg 1000w, http:\/\/www.waldemarstoffel.com\/cms\/uploads\/atlantikwall_04-300x246.jpg 300w, http:\/\/www.waldemarstoffel.com\/cms\/uploads\/atlantikwall_04-768x630.jpg 768w\" sizes=\"auto, (max-width: 1000px) 100vw, 1000px\" \/><figcaption class=\"coblocks-gallery--caption\">Plouharnel, Bretange.<\/figcaption><\/figure><\/li><li class=\"coblocks-gallery--item\"><figure class=\"coblocks-gallery--figure\"><img loading=\"lazy\" decoding=\"async\" width=\"1000\" height=\"820\" src=\"http:\/\/www.waldemarstoffel.com\/cms\/uploads\/atlantikwall_05.jpg\" alt=\"\" data-id=\"249\" data-imglink=\"\" data-link=\"http:\/\/www.waldemarstoffel.com\/the-atlantic-wall-in-brittany-5\/\" class=\"wp-image-249\" srcset=\"http:\/\/www.waldemarstoffel.com\/cms\/uploads\/atlantikwall_05.jpg 1000w, http:\/\/www.waldemarstoffel.com\/cms\/uploads\/atlantikwall_05-300x246.jpg 300w, http:\/\/www.waldemarstoffel.com\/cms\/uploads\/atlantikwall_05-768x630.jpg 768w\" sizes=\"auto, (max-width: 1000px) 100vw, 1000px\" \/><figcaption class=\"coblocks-gallery--caption\">Etel, Bretange<\/figcaption><\/figure><\/li><li class=\"coblocks-gallery--item\"><figure class=\"coblocks-gallery--figure\"><img loading=\"lazy\" decoding=\"async\" width=\"1000\" height=\"820\" src=\"http:\/\/www.waldemarstoffel.com\/cms\/uploads\/atlantikwall_06.jpg\" alt=\"\" data-id=\"250\" data-imglink=\"\" data-link=\"http:\/\/www.waldemarstoffel.com\/the-atlantic-wall-in-brittany-6\/\" class=\"wp-image-250\" srcset=\"http:\/\/www.waldemarstoffel.com\/cms\/uploads\/atlantikwall_06.jpg 1000w, http:\/\/www.waldemarstoffel.com\/cms\/uploads\/atlantikwall_06-300x246.jpg 300w, http:\/\/www.waldemarstoffel.com\/cms\/uploads\/atlantikwall_06-768x630.jpg 768w\" sizes=\"auto, (max-width: 1000px) 100vw, 1000px\" \/><figcaption class=\"coblocks-gallery--caption\">Plouharnel, Bretange.<\/figcaption><\/figure><\/li><li class=\"coblocks-gallery--item\"><figure class=\"coblocks-gallery--figure\"><img loading=\"lazy\" decoding=\"async\" width=\"1000\" height=\"820\" src=\"http:\/\/www.waldemarstoffel.com\/cms\/uploads\/atlantikwall_07.jpg\" alt=\"\" data-id=\"251\" data-imglink=\"\" data-link=\"http:\/\/www.waldemarstoffel.com\/the-atlantic-wall-in-brittany-7\/\" class=\"wp-image-251\" srcset=\"http:\/\/www.waldemarstoffel.com\/cms\/uploads\/atlantikwall_07.jpg 1000w, http:\/\/www.waldemarstoffel.com\/cms\/uploads\/atlantikwall_07-300x246.jpg 300w, http:\/\/www.waldemarstoffel.com\/cms\/uploads\/atlantikwall_07-768x630.jpg 768w\" sizes=\"auto, (max-width: 1000px) 100vw, 1000px\" \/><figcaption class=\"coblocks-gallery--caption\">Plouharnel, Bretange.<\/figcaption><\/figure><\/li><\/ul><\/div><\/div>\n","protected":false},"excerpt":{"rendered":"<p>Som tysk, oavsett vad man g\u00f6r eller hur man beter sig, kommer man f\u00f6rr eller senare att konfronteras med det tyska f\u00f6rflutna. En del av det f\u00f6rflutna pr\u00e4glas av en viss storhetsvansinne. Om man nu uppfattar Atlantvallen som en stor defensiv byggnad eller storhetsvansinne, \u00e4r upp till n\u00e5gon sj\u00e4lva. Den \u00e4r allest\u00e4des n\u00e4rvarande vid Europas [&hellip;]<\/p>\n","protected":false},"author":8966,"featured_media":0,"parent":26,"menu_order":16,"comment_status":"closed","ping_status":"closed","template":"","meta":{"_coblocks_attr":"","_coblocks_dimensions":"","_coblocks_responsive_height":"","_coblocks_accordion_ie_support":"","footnotes":""},"class_list":["post-93","page","type-page","status-publish","hentry"],"_links":{"self":[{"href":"http:\/\/www.waldemarstoffel.com\/sv\/wp-json\/wp\/v2\/pages\/93","targetHints":{"allow":["GET"]}}],"collection":[{"href":"http:\/\/www.waldemarstoffel.com\/sv\/wp-json\/wp\/v2\/pages"}],"about":[{"href":"http:\/\/www.waldemarstoffel.com\/sv\/wp-json\/wp\/v2\/types\/page"}],"author":[{"embeddable":true,"href":"http:\/\/www.waldemarstoffel.com\/sv\/wp-json\/wp\/v2\/users\/8966"}],"replies":[{"embeddable":true,"href":"http:\/\/www.waldemarstoffel.com\/sv\/wp-json\/wp\/v2\/comments?post=93"}],"version-history":[{"count":2,"href":"http:\/\/www.waldemarstoffel.com\/sv\/wp-json\/wp\/v2\/pages\/93\/revisions"}],"predecessor-version":[{"id":95,"href":"http:\/\/www.waldemarstoffel.com\/sv\/wp-json\/wp\/v2\/pages\/93\/revisions\/95"}],"up":[{"embeddable":true,"href":"http:\/\/www.waldemarstoffel.com\/sv\/wp-json\/wp\/v2\/pages\/26"}],"wp:attachment":[{"href":"http:\/\/www.waldemarstoffel.com\/sv\/wp-json\/wp\/v2\/media?parent=93"}],"curies":[{"name":"wp","href":"https:\/\/api.w.org\/{rel}","templated":true}]}}

<p>Som tysk, oavsett vad man gör eller hur man beter sig, kommer man förr eller senare att konfronteras med det tyska förflutna. En del av det förflutna präglas av en viss storhetsvansinne.</p>



<p>Om man nu uppfattar Atlantvallen som en stor defensiv byggnad eller storhetsvansinne, är upp till någon själva. Den är allestädes närvarande vid Europas Atlantkust.</p>



<p>Bunkrarna i Bretagne har till exempel stått emot alla sprängningar. Några av dem bröts bara i två delar. Andra har stigit upp et par meter i luften för att landa i sanden igen.</p>



<div class="wp-block-coblocks-gallery-masonry alignwide"><div class="coblocks-gallery has-caption-style-dark has-gutter has-lightbox"><ul class="has-grid-med has-gutter-15 has-gutter-mobile-15"><li class="coblocks-gallery--item"><figure class="coblocks-gallery--figure"><img loading="lazy" decoding="async" width="738" height="900" src="http://www.waldemarstoffel.com/cms/uploads/atlantikwall_01.jpg" alt="" data-id="245" data-imglink="" data-link="http://www.waldemarstoffel.com/the-atlantic-wall-in-brittany/" class="wp-image-245" srcset="http://www.waldemarstoffel.com/cms/uploads/atlantikwall_01.jpg 738w, http://www.waldemarstoffel.com/cms/uploads/atlantikwall_01-246x300.jpg 246w" sizes="auto, (max-width: 738px) 100vw, 738px" /><figcaption class="coblocks-gallery--caption">Plouharnel, Bretange.</figcaption></figure></li><li class="coblocks-gallery--item"><figure class="coblocks-gallery--figure"><img loading="lazy" decoding="async" width="1000" height="820" src="http://www.waldemarstoffel.com/cms/uploads/atlantikwall_02.jpg" alt="" data-id="246" data-imglink="" data-link="http://www.waldemarstoffel.com/the-atlantic-wall-in-brittany-2/" class="wp-image-246" srcset="http://www.waldemarstoffel.com/cms/uploads/atlantikwall_02.jpg 1000w, http://www.waldemarstoffel.com/cms/uploads/atlantikwall_02-300x246.jpg 300w, http://www.waldemarstoffel.com/cms/uploads/atlantikwall_02-768x630.jpg 768w" sizes="auto, (max-width: 1000px) 100vw, 1000px" /><figcaption class="coblocks-gallery--caption">Plouharnel, Bretange.</figcaption></figure></li><li class="coblocks-gallery--item"><figure class="coblocks-gallery--figure"><img loading="lazy" decoding="async" width="1000" height="820" src="http://www.waldemarstoffel.com/cms/uploads/atlantikwall_03.jpg" alt="" data-id="247" data-imglink="" data-link="http://www.waldemarstoffel.com/the-atlantic-wall-in-brittany-3/" class="wp-image-247" srcset="http://www.waldemarstoffel.com/cms/uploads/atlantikwall_03.jpg 1000w, http://www.waldemarstoffel.com/cms/uploads/atlantikwall_03-300x246.jpg 300w, http://www.waldemarstoffel.com/cms/uploads/atlantikwall_03-768x630.jpg 768w" sizes="auto, (max-width: 1000px) 100vw, 1000px" /><figcaption class="coblocks-gallery--caption">Plouharnel, Bretange.</figcaption></figure></li><li class="coblocks-gallery--item"><figure class="coblocks-gallery--figure"><img loading="lazy" decoding="async" width="1000" height="820" src="http://www.waldemarstoffel.com/cms/uploads/atlantikwall_04.jpg" alt="" data-id="248" data-imglink="" data-link="http://www.waldemarstoffel.com/the-atlantic-wall-in-brittany-4/" class="wp-image-248" srcset="http://www.waldemarstoffel.com/cms/uploads/atlantikwall_04.jpg 1000w, http://www.waldemarstoffel.com/cms/uploads/atlantikwall_04-300x246.jpg 300w, http://www.waldemarstoffel.com/cms/uploads/atlantikwall_04-768x630.jpg 768w" sizes="auto, (max-width: 1000px) 100vw, 1000px" /><figcaption class="coblocks-gallery--caption">Plouharnel, Bretange.</figcaption></figure></li><li class="coblocks-gallery--item"><figure class="coblocks-gallery--figure"><img loading="lazy" decoding="async" width="1000" height="820" src="http://www.waldemarstoffel.com/cms/uploads/atlantikwall_05.jpg" alt="" data-id="249" data-imglink="" data-link="http://www.waldemarstoffel.com/the-atlantic-wall-in-brittany-5/" class="wp-image-249" srcset="http://www.waldemarstoffel.com/cms/uploads/atlantikwall_05.jpg 1000w, http://www.waldemarstoffel.com/cms/uploads/atlantikwall_05-300x246.jpg 300w, http://www.waldemarstoffel.com/cms/uploads/atlantikwall_05-768x630.jpg 768w" sizes="auto, (max-width: 1000px) 100vw, 1000px" /><figcaption class="coblocks-gallery--caption">Etel, Bretange</figcaption></figure></li><li class="coblocks-gallery--item"><figure class="coblocks-gallery--figure"><img loading="lazy" decoding="async" width="1000" height="820" src="http://www.waldemarstoffel.com/cms/uploads/atlantikwall_06.jpg" alt="" data-id="250" data-imglink="" data-link="http://www.waldemarstoffel.com/the-atlantic-wall-in-brittany-6/" class="wp-image-250" srcset="http://www.waldemarstoffel.com/cms/uploads/atlantikwall_06.jpg 1000w, http://www.waldemarstoffel.com/cms/uploads/atlantikwall_06-300x246.jpg 300w, http://www.waldemarstoffel.com/cms/uploads/atlantikwall_06-768x630.jpg 768w" sizes="auto, (max-width: 1000px) 100vw, 1000px" /><figcaption class="coblocks-gallery--caption">Plouharnel, Bretange.</figcaption></figure></li><li class="coblocks-gallery--item"><figure class="coblocks-gallery--figure"><img loading="lazy" decoding="async" width="1000" height="820" src="http://www.waldemarstoffel.com/cms/uploads/atlantikwall_07.jpg" alt="" data-id="251" data-imglink="" data-link="http://www.waldemarstoffel.com/the-atlantic-wall-in-brittany-7/" class="wp-image-251" srcset="http://www.waldemarstoffel.com/cms/uploads/atlantikwall_07.jpg 1000w, http://www.waldemarstoffel.com/cms/uploads/atlantikwall_07-300x246.jpg 300w, http://www.waldemarstoffel.com/cms/uploads/atlantikwall_07-768x630.jpg 768w" sizes="auto, (max-width: 1000px) 100vw, 1000px" /><figcaption class="coblocks-gallery--caption">Plouharnel, Bretange.</figcaption></figure></li></ul></div></div>

<p>Som tysk, oavsett vad man gör eller hur man beter sig, kommer man förr eller senare att konfronteras med det tyska förflutna. En del av det förflutna präglas av en viss storhetsvansinne. Om man nu uppfattar Atlantvallen som en stor defensiv byggnad eller storhetsvansinne, är upp till någon själva. Den är allestädes närvarande vid Europas [&hellip;]</p>
